 the value of 0 + (-1 - -2 - (-48 - -54))?
-5
1 + (-1 + 6 + -2 - 1)
3
Calculate 4 + 0 + (20 - 26).
-2
Evaluate 0 + 2 + (-3 - 1) + 0.
-2
What is the value of 5 + -3 + (-1 - -3) + 0?
4
Calculate -4 + 0 - ((-3 - -1) + 7).
-9
What is 9 + (-2 - 8) + -8?
-9
What is (0 - (1 + 0 + 4)) + 1?
-4
What is 1 - (-1 - (0 + 2) - 1)?
5
Evaluate -13 + 5 + 1 + 6.
-1
What is the value of (2 + 2 + -2 - -1) + 1?
4
Calculate -3 - (7 - 3 - 9).
2
What is (7 - (13 - (4 + -1))) + -5?
-8
Calculate (2 - 2) + -1 + 2 - 1.
0
-2 + (-2 - -2 - 1)
-3
Evaluate (1 - (-5 + (2 - -1))) + -9.
-6
3 - (0 - -8 - 4)
-1
Evaluate -1 - -2 - (23 - 18).
-4
What is the value of 3 + (5 - 4) + -4?
0
Evaluate (0 - 1 - 4) + (14 - 4).
5
What is -2 - -3 - (6 + -8)?
3
5 + -3 + 1 + 0 + -3
0
What is -56 + 49 + (1 - 1)?
-7
What is 4 - (-3 - -5 - 2)?
4
-1 + (-4 + -4 - -3)
-6
Calculate (-33 - -34) + -1 + -4.
-4
Evaluate -6 + 13 + -3 + -4 + -8.
-8
Evaluate (2 - -2) + (0 - (10 + -1)).
-5
(-2 - (0 - 8)) + (2 - -2)
10
What is 3 + 4 + 0 + -2?
5
(-3 - (-16 - -3)) + -16
-6
What is the value of (-3 - (0 + 2)) + 1 - 0?
-4
Calculate -1 + -2 + 7 - 6.
-2
What is (2 + (-1 - 2) - -4) + 2?
5
What is the value of (2 - 0) + 7 + -5 + -3?
1
Evaluate (6 + 0 - 3) + -1.
2
Calculate 5 + (3 - 5) + (1 - 2).
2
What is the value of 10 + (-4 - 4) + 2?
4
What is the value of -18 + 11 - -1 - (-7 - 1)?
2
What is 9 + -1 - (-4 - -5)?
7
What is 2 - 1 - -2 - (5 + 2)?
-4
What is the value of 3 - (-2 + 1 + 1) - 1?
2
What is the value of 3 + (-2 - 6 - -4 - 3)?
-4
Calculate 0 - (-2 - ((-1 - -1) + 2)).
4
What is the value of 6 + 6 + -8 - (2 + 4)?
-2
What is the value of -4 - (5 - 14) - 11 - 0?
-6
What is -1 + -1 + 0 + 5 + -5?
-2
What is 3 + -5 + -6 + 0 + 3?
-5
5 + (5 - 14) + 10
6
What is the value of (-3 - (3 + -9)) + -1 + 3?
5
-8 + (-6 - (12 + -15))
-11
Calculate 4 + -4 - (0 - (-4 - -5)).
1
Evaluate -10 + 0 - (6 + -12).
-4
What is -20 - (2 + -13 + -3)?
-6
What is (1 - 10) + -62 + 75?
4
Evaluate -6 + 4 + 9 + -7.
0
What is 13 + -3 + -20 + 13?
3
What is the value of 6 + -10 + 0 + -3?
-7
Calculate 1 + (-2 - (1 + -7)).
5
Calculate -10 - -14 - (8 - (2 - 2)).
-4
Evaluate 12 + -7 + 3 - 9.
-1
Calculate 0 - 1 - ((3 - 5) + -1).
2
Calculate 1 + (6 - (2 + 4)).
1
What is the value of (0 - -1) + 4 - 3 - 2?
0
(13 - (3 - -4)) + -6
0
What is 14 + -7 - (8 - 1) - 1?
-1
What is the value of 9 + (0 - (3 - (4 + -6)))?
4
Evaluate -3 + (3 - 5) + -1 + 3.
-3
Calculate -8 + -11 + 16 + 7.
4
What is the value of (-56 - -56) + (5 - -2)?
7
What is 1 + 10 + -8 + 1?
4
Evaluate (1 - (-3 + 4 + -2)) + 1.
3
What is the value of 1 + -1 - (-11 - -8)?
3
Calculate (0 - -4) + -3 + 2.
3
Evaluate (-2 - (3 + -2)) + (1 - 1).
-3
What is 0 - (2 - 0) - -1?
-1
Evaluate 4 - (4 + -7 + 5).
2
Calculate -2 + 1 - (17 - 21).
3
Evaluate (10 - (-2 + 5) - 2) + 2.
7
What is the value of 14 - (1 + 15 - 10)?
8
Evaluate 1 + 0 + 1 + -1 + 2.
3
What is the value of 1 - 8 - (-6 + 4)?
-5
Calculate -1 + (4 - (1 - -1)).
1
What is the value of 2 - (7 + 1 + -1)?
-5
Calculate 3 - (3 + (5 - 8) + -2).
5
-1 + -4 - (8 + -2 + -8)
-3
What is -4 + (-2 - (-3 - 0))?
-3
What is the value of 3 + -1 + (0 - (-3 - -2))?
3
What is the value of -2 + -1 - (4 + -4)?
-3
2 + (-1 - (-5 + 1) - 0)
5
9 + (-2 - 1 - -3)
9
-11 - -10 - (0 + -2 - -2)
-1
Calculate -21 + 20 + -1 + 3 - -2.
3
Evaluate -5 - -3 - (-2 - -6 - 10).
4
What is (-7 - -13) + -8 + -2?
-4
(0 - 4) + (8 - 2 - 3)
-1
-9 - (8 + -11 - (0 + 0))
-6
Calculate 6 + (-15 - 2 - -7).
-4
Calculate -4 + (12 - (1 + 3 - -1)).
3
(4 - 12) + 1 + 9
2
What is 9 + -2 - (-2 - -6)?
3
What is (6 - 1) + -12 + (14 - 0)?
7
-3 + 11 + (-9 - -5) + 4
8
(1 - (-2 + -2)) + -7 + -3
-5
Calculate (7 - (0 + 4)) + (0 - 1).
2
Calculate -7 - (-10 + -3 + 7).
-1
4 - (5 - 0) - (0 - -2)
-3
What is the value of -2 + (8 - 4) + -3?
-1
-1 - ((4 - -6) + -11)
0
Calculate 12 + (-10 + 8 - 7).
3
Evaluate 1 - (1 + 3 + 0).
-3
Calculate 9 + -7 - (2 + (4 - 2)).
-2
What is the value of 3 - (1 + 3) - (-3 - -5)?
-3
Calculate -8 - -6 - 7 - 8 - -6.
-11
Evaluate -2 - (-6 - (-11 + 4)).
-3
Evaluate 5 - 7 - (-5 - -6).
-3
Calculate -8 - (-4 - (-1 + 4)).
-1
Calculate (-13 - -27) + -3 + -8.
3
What is the value of (-1 - 6) + 5 + -3 + 0?
-5
What is 15 - 13 - (-2 - 1)?
5
What is the value of 9 + -6 + 3 - 4 - -5?
7
What is the value of 6 - (2 - 3) - 5?
2
Evaluate 7 - 12 - (-4 - 4).
3
Evaluate 0 - (4 - 12 - -3).
5
Evaluate 1 - 2 - (-3 + (-2 - -3)).
1
(2 - 1) + 4 - 0
5
Evaluate -3 + 3 - (6 + -1) - -5.
0
(8 + -10 - -1) + -1
-2
Calculate -5 + 6 + -4 + 10.
7
(-1 + -5 - -4) + 9 + 1
8
What is (-16 + 12 - 4) + -2?
-10
Evaluate 6 - 5 - (-1 - -2).
0
What is 3 + (0 - -3) - -1?
7
Evaluate (-5 - -3 - -2) + 1.
1
Evaluate 1 + -1 + 3 + -7 + -1.
-5
What is the value of -1 - 10 - (-55 - -51)?
-7
Evaluate (47 - 60) + 17 + 1.
5
Calculate -2 + -1 - -2 - (4 - 8).
3
(7 - (-2 + 4)) + (-5 - 1)
-1
Calculate 2 - (-11 + -10 + 20).
3
What is -9 - (1 + -4 + -1)?
-5
Evaluate -4 + 6 - (3 + (0 - 1)).
0
(-4 - 2) + 4 + 0
-2
(4 - (-1 - -3)) + -4
-2
What is 0 + (-16 - (5 + (-8 - 4)))?
-9
(0 - -12) + -6 + -11
-5
What is 15 + -7 - 10 - 2?
-4
What is the value of 1 - (0 - (5 + -8 + 4))?
2
2 + 10 + -2 + -2 - 1
7
What is the value of 0 + 0 + -19 + 26 + 1?
8
(-6 - (0 - (-4 + 4))) + 3
-3
What is the value of 11 - (-1 - (-11 + 2))?
3
What is 13 + (-5 - -8 - 9)?
7
-1 + (-8 + 8 - (2 + 2))
-5
What is -3 - -2 - (14 + -1 + -9)?
-5
Evaluate (0 - -12 - (-41 - -44)) + -3.
6
What is the value of (-5 - 1) + 12 + 3 - 3?
6
18 + 0 - (133 + -122)
7
What is the value of -4 - ((-3 - (-6 - 2)) + -5)?
-4
What is the value of -5 - (0 - ((-1 - -2) + 0))?
-4
What is the value of 2 + (-1 - (-3 - -4 - -2))?
-2
Calculate 9 + -3 + -1 + -8.
-3
What is (-47 - -43) + (1 - (-1 - 4))?
2
Evaluate -2 + -2 + -20 + 19.
-5
What is -1 + -10 - -10 - -8?
7
What is the value of 0 + 2 + -1 - (-127 + 126)?
2
Calculate 17 - 24 - (2 - -1).
-10
What is the value of (-9 + 5 - -2) + -3?
-5
Evaluate (-1 - -2) + -5 + -4 + 9.
1
-4 - (2 - -2) - (0 - 3)
-5
-6 - ((-4 - 1) + -1 + -4)
4
Evaluate (6 - 1 - (-3 + 7)) + -1.
0
What is -7 + (6 - -1 - 4)?
-4
What is -11 - (-5 + -2) - -7?
3
Calculate (1 - (0 + 14)) + 19.
6
-8 + (1 - 4) + 5 - 2
-8
11 + -5 + 2 + (5 - 23)
-10
Evaluate -2 - (4 + -6) - -2.
2
Calculate -2 - -1 - (-12 + 16).
-5
What is the value of 6 + (-1 - 0) + -10?
-5
What is the value of -3 + 0 + 1 + -1 + 4?
1
Evaluate (3 - -2) + -2 + -7.
-4
Calculate 4 - (3 + (-4 - -2)).
3
What is the value of -3 + 3 + (5 - 8)?
-3
Calculate (4 - 1 - 3) + 5.
5
Evaluate -1 + (1 - 0 - 5) + 5.
0
Evaluate 10 + 2 + -5 - (-44 + 44).
7
Evaluate 8 + -8 + 2 + 3.
5
Evaluate -6 - (7 + -4 + -2 - 6).
-1
Evaluate (0 - 4) + 4 + -6.
-6
What is 4 - (0 + 4 + -6 + -1)?
7
What is the value of -3 - ((23 - 29) + (1 - -2))?
0
What is (-5 - -1 - (-27 - -25)) + 2?
0
Calculate -12 - (-27 - -7) - 2.
6
What is 4 + -5 + 2 + 6 - -2?
9
Evaluate -2 - -3 - (6 + -5 - -1).
-1
What is the value of -2 + 3 + -2 + -3 + 1?
-3
Evaluate -1 - -5 - (-10 - -21).
-7
-1 - (-4 - -3) - 3
-3
What is the value of -1 - (-2 + 0 - (2 + -7))?
-4
What is (-19 - (-20 + 3)) + (-3 - 0)?
-5
Calculate -3 + 3 + 6 + -3.
3
What is the value of -12 + 1 + 17 - (13 + 1)?
-8
Calculate (2 + -4 + -5 - 0) + 1.
-6
Evaluate (-26 - -27 - (2 + 1)) + 6.
4
-7 + (8 - 11) - -1
-9
What is 6 + -16 + 13 + -8?
-5
What is (-4 - 1) + 3 + -11 + 8?
-5
What is 5 + -7 + 1 + -8?
-9
1 + (15 - 10 - (-1 - -3))
4
Calculate -1 + 1 + -11 + 6 + 6.
1
What is the value of (4 - (5 + -2)) + 2?
3
What is the value of (3 - (0 + 6)) + -1?
-4
Calculate 34 - 31 - (1 - -5).
-3
Calculate (-5 - -1) + 10 - (21 + -13).
-2
What is 13 - (2 - 0) - 11?
0
Evaluate (6 - (6 + 3)) + (0 - -4).
1
What is the value of -4 + 11 + 8 + -7?
8
What is (2 - (5 + -1)) + 4 + -1?
1
21 - 15 - (4 + -1)
3
Calculate -2 - (7 + -8 - -6).
-7
Calculate (6 - 0) + -3 + -7.
-4
-1 + -2 + 3 - (-2 - 0)
2
Calculate (3 - 16) + 3 + 5.
-5
What is the value of 10 + -4 + (3 - 10)?
-1
Evaluate -26 + 13 + 9 - (-6 - -1).
1
What is -7 + -5 + -4 + 8?
-8
Calculate -7 + -5 + 12 + (-7 - -1).
-6
Calculate (-11 - -5) + 1 + (0 - 1).
-6
Calculate 10 + 6 + -10 - 13.
-7
What is (-1 - 0) + 3 + -17 + 23?
8
Calculate (0 - 12) + (-42 - -49).
-5
-6 + 1 + -1 + (-24 - -25)
-5
Calculate -9 - -17 - (0 + 14).
-6
-1 + 0 + 9 + -3
5
What is (-7 - ((3 - 6) + -2)) + 3?
1
What is the value of (2 - 0) + -34 + 40?
8
-5 + 2 + 2 + -3
-4
Wh